{"id":54,"date":"2013-09-11T17:45:45","date_gmt":"2013-09-11T15:45:45","guid":{"rendered":"http:\/\/www.grueneliga-thueringen.de?page_id=54"},"modified":"2018-12-07T10:47:48","modified_gmt":"2018-12-07T09:47:48","slug":"regionalstellen","status":"publish","type":"page","link":"https:\/\/www.grueneliga-thueringen.de\/fr\/regionalstellen\/","title":{"rendered":"Regionalstellen"},"content":{"rendered":"<h1>Regionalstellen<\/h1>\n<p>Die GR\u00dcNE LIGA Th\u00fcringen e.V. hat zwei Regionalstellen:<\/p>\n<ul>\n<li>die GR\u00dcNE LIGA Weimar und<\/li>\n<li>die IG Stadt\u00f6kologie Arnstadt<\/li>\n<\/ul>\n<p>&nbsp;<\/p>\n<p>Besuchen Sie unsere Seiten und informieren Sie sich n\u00e4her.<\/p>\n","protected":false},"excerpt":{"rendered":"<p>Regionalstellen Die GR\u00dcNE LIGA Th\u00fcringen e.V. hat zwei Regionalstellen: die GR\u00dcNE LIGA Weimar und die IG Stadt\u00f6kologie Arnstadt &nbsp; Besuchen Sie unsere Seiten und informieren Sie sich n\u00e4her.<\/p>\n","protected":false},"author":1,"featured_media":0,"parent":0,"menu_order":0,"comment_status":"open","ping_status":"closed","template":"side-navigation.php","meta":{"footnotes":""},"class_list":["post-54","page","type-page","status-publish","hentry"],"_links":{"self":[{"href":"https:\/\/www.grueneliga-thueringen.de\/fr\/wp-json\/wp\/v2\/pages\/54","targetHints":{"allow":["GET"]}}],"collection":[{"href":"https:\/\/www.grueneliga-thueringen.de\/fr\/wp-json\/wp\/v2\/pages"}],"about":[{"href":"https:\/\/www.grueneliga-thueringen.de\/fr\/wp-json\/wp\/v2\/types\/page"}],"author":[{"embeddable":true,"href":"https:\/\/www.grueneliga-thueringen.de\/fr\/wp-json\/wp\/v2\/users\/1"}],"replies":[{"embeddable":true,"href":"https:\/\/www.grueneliga-thueringen.de\/fr\/wp-json\/wp\/v2\/comments?post=54"}],"version-history":[{"count":9,"href":"https:\/\/www.grueneliga-thueringen.de\/fr\/wp-json\/wp\/v2\/pages\/54\/revisions"}],"predecessor-version":[{"id":5660,"href":"https:\/\/www.grueneliga-thueringen.de\/fr\/wp-json\/wp\/v2\/pages\/54\/revisions\/5660"}],"wp:attachment":[{"href":"https:\/\/www.grueneliga-thueringen.de\/fr\/wp-json\/wp\/v2\/media?parent=54"}],"curies":[{"name":"wp","href":"https:\/\/api.w.org\/{rel}","templated":true}]}}

<h1>Regionalstellen</h1>
<p>Die GRÜNE LIGA Thüringen e.V. hat zwei Regionalstellen:</p>
<ul>
<li>die GRÜNE LIGA Weimar und</li>
<li>die IG Stadtökologie Arnstadt</li>
</ul>
<p>&nbsp;</p>
<p>Besuchen Sie unsere Seiten und informieren Sie sich näher.</p>

<p>Regionalstellen Die GRÜNE LIGA Thüringen e.V. hat zwei Regionalstellen: die GRÜNE LIGA Weimar und die IG Stadtökologie Arnstadt &nbsp; Besuchen Sie unsere Seiten und informieren Sie sich näher.</p>
