{"id":42,"date":"2013-09-11T17:43:54","date_gmt":"2013-09-11T15:43:54","guid":{"rendered":"http:\/\/www.grueneliga-thueringen.de?page_id=42"},"modified":"2015-07-14T11:59:18","modified_gmt":"2015-07-14T09:59:18","slug":"praktika-foej","status":"publish","type":"page","link":"https:\/\/www.grueneliga-thueringen.de\/fr\/praktika-foej\/","title":{"rendered":"Praktika &#038; F\u00d6J"},"content":{"rendered":"<h1>Freiwilliges \u00d6kologisches Jahr<\/h1>\n<p>Wir suchen junge Menschen zwischen 16 und 26 Jahren, die bei uns ein Freiwilliges \u00d6kologisches Jahr (oder Halbjahr) absolvieren m\u00f6chten. \u2028\u2028Start des Einsatzes regul\u00e4r ab 01. September, unter Umst\u00e4nden auch noch ab 01. M\u00e4rz m\u00f6glich.\u2028 Einsatzort w\u00e4re Weimar (evt. andere Regionalstellen), Aufgaben w\u00e4ren z.B. die Betreuung unserer laufenden Projekte wie im Streuobstbereich, oder der Fahrradverleih, sowie die Betreuung eines individuellen Schwerpunktthemas.<br \/>\nEigene Projektideen? Gern!<\/p>\n<p>Dann bitte <a href=\"http:\/\/www.grueneliga-thueringen.de\/kontakt\/\">Kontakt<\/a> mit uns aufnehmen.<\/p>\n<div class=\"demo-sep sep-dashed\" style=\"margin-top:5px;margin-bottom:5px\"><\/div>\n<div class=\"demo-sep sep-none\" style=\"margin-top:30px;\"><\/div>\n<h1>Praktikum<\/h1>\n<p>Zur Unterst\u00fctzung unserer Arbeit suchen wir immer PraktikantInnen.<br \/>\nEinsatzort ist normalerweise die Gesch\u00e4ftsstelle in Weimar, die Regionalstellen stehen aber auch zur Verf\u00fcgung.<br \/>\nArbeit haben wir genug, z.B.<\/p>\n<style type='text\/css'>\n\t.post-content ul.list-icon li:before{color:green !important;}\n\t.rtl .post-content ul.list-icon li:after{color:green !important;}\n\t<\/style>\n<ul class=\"list-icon circle-no list-icon-star\">\n<li>Erarbeitung von Stellungnahmen<\/li>\n<li>Betreuung der Umweltbibliothek<\/li>\n<li>Kinder- und Jugendarbeit in der Umweltbildung<\/li>\n<li>\u00d6ffentlichkeitsarbeit<\/li>\n<\/ul>\n<p>\n<p>&#8230; Zeit und Geld eher weniger.<br \/>\nPlatz f\u00fcr eigene Projekte ist kein Problem.<\/p>\n<p>Interesse?<\/p>\n<p>Dann bitte <a href=\"http:\/\/www.grueneliga-thueringen.de\/kontakt\/\">Kontakt<\/a> mit uns aufnehmen.<\/p>\n<p>&nbsp;<\/p>\n<p>&nbsp;<\/p>\n","protected":false},"excerpt":{"rendered":"<p>Freiwilliges \u00d6kologisches Jahr Wir suchen junge Menschen zwischen 16 und 26 Jahren, die bei uns ein Freiwilliges \u00d6kologisches Jahr (oder Halbjahr) absolvieren m\u00f6chten. \u2028\u2028Start des Einsatzes regul\u00e4r ab 01. September, unter Umst\u00e4nden auch noch ab 01. M\u00e4rz m\u00f6glich.\u2028 Einsatzort w\u00e4re Weimar (evt. andere Regionalstellen), Aufgaben w\u00e4ren z.B. die Betreuung unserer laufenden Projekte wie im Streuobstbereich, oder der Fahrradverleih, sowie die Betreuung eines individuellen Schwerpunktthemas. Eigene Projektideen? Gern! Dann bitte Kontakt mit uns aufnehmen. Praktikum Zur Unterst\u00fctzung unserer Arbeit suchen wir immer PraktikantInnen. Einsatzort ist normalerweise die Gesch\u00e4ftsstelle in Weimar, die Regionalstellen stehen aber auch zur Verf\u00fcgung. Arbeit haben wir genug, z.B. &#8230; Zeit und Geld eher weniger. Platz f\u00fcr eigene Projekte ist kein Problem. Interesse? Dann bitte Kontakt mit uns aufnehmen. &nbsp; &nbsp;<\/p>\n","protected":false},"author":1,"featured_media":0,"parent":0,"menu_order":0,"comment_status":"open","ping_status":"closed","template":"full-width.php","meta":{"footnotes":""},"class_list":["post-42","page","type-page","status-publish","hentry"],"_links":{"self":[{"href":"https:\/\/www.grueneliga-thueringen.de\/fr\/wp-json\/wp\/v2\/pages\/42","targetHints":{"allow":["GET"]}}],"collection":[{"href":"https:\/\/www.grueneliga-thueringen.de\/fr\/wp-json\/wp\/v2\/pages"}],"about":[{"href":"https:\/\/www.grueneliga-thueringen.de\/fr\/wp-json\/wp\/v2\/types\/page"}],"author":[{"embeddable":true,"href":"https:\/\/www.grueneliga-thueringen.de\/fr\/wp-json\/wp\/v2\/users\/1"}],"replies":[{"embeddable":true,"href":"https:\/\/www.grueneliga-thueringen.de\/fr\/wp-json\/wp\/v2\/comments?post=42"}],"version-history":[{"count":17,"href":"https:\/\/www.grueneliga-thueringen.de\/fr\/wp-json\/wp\/v2\/pages\/42\/revisions"}],"predecessor-version":[{"id":5005,"href":"https:\/\/www.grueneliga-thueringen.de\/fr\/wp-json\/wp\/v2\/pages\/42\/revisions\/5005"}],"wp:attachment":[{"href":"https:\/\/www.grueneliga-thueringen.de\/fr\/wp-json\/wp\/v2\/media?parent=42"}],"curies":[{"name":"wp","href":"https:\/\/api.w.org\/{rel}","templated":true}]}}

Praktika &#038; FÖJ

<h1>Freiwilliges Ökologisches Jahr</h1>
<p>Wir suchen junge Menschen zwischen 16 und 26 Jahren, die bei uns ein Freiwilliges Ökologisches Jahr (oder Halbjahr) absolvieren möchten.   Start des Einsatzes regulär ab 01. September, unter Umständen auch noch ab 01. März möglich.  Einsatzort wäre Weimar (evt. andere Regionalstellen), Aufgaben wären z.B. die Betreuung unserer laufenden Projekte wie im Streuobstbereich, oder der Fahrradverleih, sowie die Betreuung eines individuellen Schwerpunktthemas.<br />
Eigene Projektideen? Gern!</p>
<p>Dann bitte <a href="http://www.grueneliga-thueringen.de/kontakt/">Kontakt</a> mit uns aufnehmen.</p>
<div class="demo-sep sep-dashed" style="margin-top:5px;margin-bottom:5px"></div>
<div class="demo-sep sep-none" style="margin-top:30px;"></div>
<h1>Praktikum</h1>
<p>Zur Unterstützung unserer Arbeit suchen wir immer PraktikantInnen.<br />
Einsatzort ist normalerweise die Geschäftsstelle in Weimar, die Regionalstellen stehen aber auch zur Verfügung.<br />
Arbeit haben wir genug, z.B.</p>
<style type='text/css'>
	.post-content ul.list-icon li:before{color:green !important;}
	.rtl .post-content ul.list-icon li:after{color:green !important;}
	</style>
<ul class="list-icon circle-no list-icon-star">
<li>Erarbeitung von Stellungnahmen</li>
<li>Betreuung der Umweltbibliothek</li>
<li>Kinder- und Jugendarbeit in der Umweltbildung</li>
<li>Öffentlichkeitsarbeit</li>
</ul>
<p>
<p>&#8230; Zeit und Geld eher weniger.<br />
Platz für eigene Projekte ist kein Problem.</p>
<p>Interesse?</p>
<p>Dann bitte <a href="http://www.grueneliga-thueringen.de/kontakt/">Kontakt</a> mit uns aufnehmen.</p>
<p>&nbsp;</p>
<p>&nbsp;</p>

<p>Freiwilliges Ökologisches Jahr Wir suchen junge Menschen zwischen 16 und 26 Jahren, die bei uns ein Freiwilliges Ökologisches Jahr (oder Halbjahr) absolvieren möchten.   Start des Einsatzes regulär ab 01. September, unter Umständen auch noch ab 01. März möglich.  Einsatzort wäre Weimar (evt. andere Regionalstellen), Aufgaben wären z.B. die Betreuung unserer laufenden Projekte wie im Streuobstbereich, oder der Fahrradverleih, sowie die Betreuung eines individuellen Schwerpunktthemas. Eigene Projektideen? Gern! Dann bitte Kontakt mit uns aufnehmen. Praktikum Zur Unterstützung unserer Arbeit suchen wir immer PraktikantInnen. Einsatzort ist normalerweise die Geschäftsstelle in Weimar, die Regionalstellen stehen aber auch zur Verfügung. Arbeit haben wir genug, z.B. &#8230; Zeit und Geld eher weniger. Platz für eigene Projekte ist kein Problem. Interesse? Dann bitte Kontakt mit uns aufnehmen. &nbsp; &nbsp;</p>
