{"id":3705,"date":"2013-05-24T20:18:58","date_gmt":"2013-05-24T20:18:58","guid":{"rendered":"http:\/\/theme-fusion.com\/avadaxml\/?page_id=3705"},"modified":"2013-05-24T20:18:58","modified_gmt":"2013-05-24T20:18:58","slug":"page-post-sliders","status":"publish","type":"page","link":"https:\/\/www.grueneliga-thueringen.de\/fr\/page-post-sliders\/","title":{"rendered":"Page Post Sliders"},"content":{"rendered":"[tagline_box\u00a0link=\u00a0\u00bbhttp:\/\/themeforest.net\/user\/ThemeFusion\u00a0\u00bb button=\u00a0\u00bbPurchase Now\u00a0\u00bb title=\u00a0\u00bbWe have 4 different post\/page sliders to choose from!\u00a0\u00bb description=\u00a0\u00bbAnd it has some awesome features, premium sliders, unlimited colors, advanced theme options and so much more!\u00a0\u00bb][\/tagline_box]\n<div class=\"demo-sep sep-none\" style=\"margin-top:80px;\"><\/div>\n<div class=\"two_third\"><div id=\"wooslider-id-1\" class=\"wooslider wooslider-id-1 wooslider-type-posts wooslider-theme-default\"><ul class=\"slides\">\n<li class=\"slide\">\n<div class=\"layout-text-bottom overlay-natural\"><a href=\"https:\/\/www.grueneliga-thueringen.de\/fr\/fuenf-vor-zwoelf-naturschutz-unter-druck-verbaende-uebergeben-offenen-brief-an-umweltminister-kummer\/\"><\/a><div class=\"slide-excerpt\"><h2 class=\"slide-title\"><a href=\"https:\/\/www.grueneliga-thueringen.de\/fr\/fuenf-vor-zwoelf-naturschutz-unter-druck-verbaende-uebergeben-offenen-brief-an-umweltminister-kummer\/\">F\u00fcnf vor zw\u00f6lf \u2013 Naturschutz unter Druck: Verb\u00e4nde \u00fcbergeben Offenen Brief an Umweltminister Kummer<\/a><\/h2><\/div><\/div><\/li>\n<li class=\"slide\">\n<div class=\"layout-text-bottom overlay-natural\"><a href=\"https:\/\/www.grueneliga-thueringen.de\/fr\/wir-trauern-um-michael-welz\/\"><\/a><div class=\"slide-excerpt\"><h2 class=\"slide-title\"><a href=\"https:\/\/www.grueneliga-thueringen.de\/fr\/wir-trauern-um-michael-welz\/\">Wir trauern um Michael Welz<\/a><\/h2><\/div><\/div><\/li>\n<li class=\"slide\">\n<div class=\"layout-text-bottom overlay-natural\"><a href=\"https:\/\/www.grueneliga-thueringen.de\/fr\/erfolg-fur-die-verkehrswende-und-die-grune-liga-thuringen-werrabahntrasse-bleibt-gewidmete-eisenbahnstrecke-landkreis-gesteht-strassenschwarzbau-ein\/\"><\/a><div class=\"slide-excerpt\"><h2 class=\"slide-title\"><a href=\"https:\/\/www.grueneliga-thueringen.de\/fr\/erfolg-fur-die-verkehrswende-und-die-grune-liga-thuringen-werrabahntrasse-bleibt-gewidmete-eisenbahnstrecke-landkreis-gesteht-strassenschwarzbau-ein\/\">Erfolg  f\u00fcr die Verkehrswende und die GR\u00dcNE LIGA Th\u00fcringen: Werrabahntrasse  bleibt gewidmete Eisenbahnstrecke &#8211; Landkreis gesteht Stra\u00dfenschwarzbau  ein<\/a><\/h2><\/div><\/div><\/li>\n<\/ul><\/div>\n<\/div>\n<div class=\"one_third last\">\n<div class=\"title\"><h2>Post Slider With Titles<\/h2><div class=\"title-sep-container\"><div class=\"title-sep\"><\/div><\/div><\/div>\nLorem ipsum dolor sit amet, consectetur adipiscing elit. Nunc ac nisl eget metus imperdiet venenatis non at nisi. Nam vitae risus neque, sed egestas sem. Suspendisse tristique, purus et ullamcorper tempor, purus enim scelerisque nisl, eget mollis turpis tellus ac augue. Proin aliquet lorem at magna eleifend molestie. Donec eu malesuada odio. Pellentesque euismod nulla eget lorem fringilla pharetra. In odio leo, interdum nec laoreet sed, tempus sit amet tortor. Etiam non sem eleifend sapien auctor aliquet sit amet in est. Suspendisse sagittis congue tempor.<\/p>\n<style type='text\/css'>\n\t.post-content ul.list-icon li:before{color:light !important;}\n\t.rtl .post-content ul.list-icon li:after{color:light !important;}\n\t<\/style>\n<ul class=\"list-icon circle-yes list-icon-check\">\n<li>Unlimited use per page<\/li>\n<li>Auto pulls recent blog posts &amp; titles<\/li>\n<li>Many parameters to control content &amp; slide<\/li>\n<\/ul>\n\n<\/div><div class=\"clearboth\"><\/div>\n<div class=\"demo-sep sep-shadow\" style=\"margin-top:100px;margin-bottom:100px\"><\/div>\n<div class=\"one_third\">\n<div class=\"title\"><h2>Post Slider Excerpt &amp; Titles<\/h2><div class=\"title-sep-container\"><div class=\"title-sep\"><\/div><\/div><\/div>\nLorem ipsum dolor sit amet, consectetur adipiscing elit. Nunc ac nisl eget metus imperdiet venenatis non at nisi. Nam vitae risus neque, sed egestas sem. Suspendisse tristique, purus et ullamcorper tempor, purus enim scelerisque nisl, eget mollis turpis tellus ac augue. Proin aliquet lorem at magna eleifend molestie. Donec eu malesuada odio. Pellentesque euismod nulla eget lorem fringilla pharetra. In odio leo, interdum nec laoreet sed, tempus sit amet tortor. Etiam non sem eleifend sapien auctor aliquet sit amet in est. Suspendisse sagittis congue tempor.<\/p>\n<style type='text\/css'>\n\t.post-content ul.list-icon li:before{color:light !important;}\n\t.rtl .post-content ul.list-icon li:after{color:light !important;}\n\t<\/style>\n<ul class=\"list-icon circle-yes list-icon-check\">\n<li>Unlimited use per page<\/li>\n<li>Auto pulls recent blog posts, titles, excerpt<\/li>\n<li>Many parameters to control content &amp; slide<\/li>\n<\/ul>\n\n<\/div><div class=\"two_third last\"><div id=\"wooslider-id-2\" class=\"wooslider wooslider-id-2 wooslider-type-posts wooslider-theme-default\"><ul class=\"slides\">\n<li class=\"slide\">\n<div class=\"layout-text-left overlay-full\"><a href=\"https:\/\/www.grueneliga-thueringen.de\/fr\/fuenf-vor-zwoelf-naturschutz-unter-druck-verbaende-uebergeben-offenen-brief-an-umweltminister-kummer\/\"><\/a><div class=\"slide-excerpt\"><h2 class=\"slide-title\"><a href=\"https:\/\/www.grueneliga-thueringen.de\/fr\/fuenf-vor-zwoelf-naturschutz-unter-druck-verbaende-uebergeben-offenen-brief-an-umweltminister-kummer\/\">F\u00fcnf vor zw\u00f6lf \u2013 Naturschutz unter Druck: Verb\u00e4nde \u00fcbergeben Offenen Brief an Umweltminister Kummer<\/a><\/h2><div class=\"excerpt-container\">\n<p>\u201e(K)ein Stich ins Gr\u00fcne Herz, Minister Kummer\u201c \u2013 <\/p>\n<p>Protestaktion gegen geplante Mittelk\u00fcrzungen im Naturschutz<\/p>\n<p>Gemeinsame Pressemitteilung des BUND Th\u00fcringen, des [...]<\/p><\/div>\n<\/div><\/div><\/li>\n<li class=\"slide\">\n<div class=\"layout-text-left overlay-full\"><a href=\"https:\/\/www.grueneliga-thueringen.de\/fr\/wir-trauern-um-michael-welz\/\"><\/a><div class=\"slide-excerpt\"><h2 class=\"slide-title\"><a href=\"https:\/\/www.grueneliga-thueringen.de\/fr\/wir-trauern-um-michael-welz\/\">Wir trauern um Michael Welz<\/a><\/h2><div class=\"excerpt-container\">\n<p>Nachruf: Mit gro\u00dfer Betroffenheit nehmen wir Abschied von Micha Welz, der am 5. April 2025 v\u00f6llig unerwartet verstorben ist.<\/p>\n<p>Micha [...]<\/p><\/div>\n<\/div><\/div><\/li>\n<li class=\"slide\">\n<div class=\"layout-text-left overlay-full\"><a href=\"https:\/\/www.grueneliga-thueringen.de\/fr\/erfolg-fur-die-verkehrswende-und-die-grune-liga-thuringen-werrabahntrasse-bleibt-gewidmete-eisenbahnstrecke-landkreis-gesteht-strassenschwarzbau-ein\/\"><\/a><div class=\"slide-excerpt\"><h2 class=\"slide-title\"><a href=\"https:\/\/www.grueneliga-thueringen.de\/fr\/erfolg-fur-die-verkehrswende-und-die-grune-liga-thuringen-werrabahntrasse-bleibt-gewidmete-eisenbahnstrecke-landkreis-gesteht-strassenschwarzbau-ein\/\">Erfolg  f\u00fcr die Verkehrswende und die GR\u00dcNE LIGA Th\u00fcringen: Werrabahntrasse  bleibt gewidmete Eisenbahnstrecke &#8211; Landkreis gesteht Stra\u00dfenschwarzbau  ein<\/a><\/h2><div class=\"excerpt-container\">\n<p>Im Rechtsstreit um die \u00dcberbauung der Werrabahntrasse im Landkreis Hildburghausen durch die Kreisstra\u00dfe K 530 hat der Landkreis Hildburghausen [...]<\/p><\/div>\n<\/div><\/div><\/li>\n<\/ul><\/div>\n<\/div><div class=\"clearboth\"><\/div>\n<div class=\"demo-sep sep-shadow\" style=\"margin-top:100px;margin-bottom:100px\"><\/div>\n<div class=\"two_third\"><\/div>\n<div class=\"one_third last\">\n<div class=\"title\"><h2>Post Slider With Attachments<\/h2><div class=\"title-sep-container\"><div class=\"title-sep\"><\/div><\/div><\/div>\nLorem ipsum dolor sit amet, consectetur adipiscing elit. Nunc ac nisl eget metus imperdiet venenatis non at nisi. Nam vitae risus neque, sed egestas sem. Suspendisse tristique, purus et ullamcorper tempor, purus enim scelerisque nisl, eget mollis turpis tellus ac augue. Proin aliquet lorem at magna eleifend molestie. Donec eu malesuada odio. Pellentesque euismod nulla eget lorem fringilla pharetra. In odio leo, interdum nec laoreet sed, tempus sit amet tortor. Etiam non sem eleifend sapien auctor aliquet sit amet in est. Suspendisse sagittis congue tempor.<\/p>\n<style type='text\/css'>\n\t.post-content ul.list-icon li:before{color:light !important;}\n\t.rtl .post-content ul.list-icon li:after{color:light !important;}\n\t<\/style>\n<ul class=\"list-icon circle-yes list-icon-check\">\n<li>Unlimited use per page<\/li>\n<li>Auto pulls recent blog posts, titles, excerpt<\/li>\n<li>Many parameters to control content &amp; slide<\/li>\n<\/ul>\n\n<\/div><div class=\"clearboth\"><\/div>\n<div class=\"demo-sep sep-shadow\" style=\"margin-top:100px;margin-bottom:100px\"><\/div>\n<div class=\"one_third\">\n<div class=\"title\"><h2>Slider With Images or Videos<\/h2><div class=\"title-sep-container\"><div class=\"title-sep\"><\/div><\/div><\/div>\nLorem ipsum dolor sit amet, consectetur adipiscing elit. Nunc ac nisl eget metus imperdiet venenatis non at nisi. Nam vitae risus neque, sed egestas sem. Suspendisse tristique, purus et ullamcorper tempor, purus enim scelerisque nisl, eget mollis turpis tellus ac augue. Proin aliquet lorem at magna eleifend molestie. Donec eu malesuada odio. Pellentesque euismod nulla eget lorem fringilla pharetra.<\/p>\n<style type='text\/css'>\n\t.post-content ul.list-icon li:before{color:light !important;}\n\t.rtl .post-content ul.list-icon li:after{color:light !important;}\n\t<\/style>\n<ul class=\"list-icon circle-yes list-icon-check\">\n<li>Unlimited use per page<\/li>\n<li>Auto pulls recent blog posts, titles, excerpt<\/li>\n<li>Many parameters to control content &amp; slide<\/li>\n<\/ul>\n\n<\/div><div class=\"two_third last\"><div class=\"flexslider clearfix\" style=\"max-width:100%;height:100%;\"><ul class=\"slides\"><li class=\"image\"><img decoding=\"async\" src=\"http:\/\/www.grueneliga-thueringen.dewp-content\/uploads\/2013\/02\/image_4.jpg\" alt=\"\" \/><\/li><li class=\"image\"><img decoding=\"async\" src=\"http:\/\/www.grueneliga-thueringen.dewp-content\/uploads\/2013\/02\/image_4.jpg\" alt=\"\" \/><\/li><li class=\"image\"><img decoding=\"async\" src=\"http:\/\/www.grueneliga-thueringen.dewp-content\/uploads\/2013\/02\/image_4.jpg\" alt=\"\" \/><\/li><\/ul><\/div><\/div><div class=\"clearboth\"><\/div>\n","protected":false},"excerpt":{"rendered":"<p>[tagline_box\u00a0link=\u00a0\u00bbhttp:\/\/themeforest.net\/user\/ThemeFusion\u00a0\u00bb button=\u00a0\u00bbPurchase Now\u00a0\u00bb title=\u00a0\u00bbWe have 4 different post\/page sliders to choose from!\u00a0\u00bb description=\u00a0\u00bbAnd it has some awesome features, premium sliders, unlimited colors, advanced theme options and so much more!\u00a0\u00bb][\/tagline_box]<\/p>\n","protected":false},"author":1,"featured_media":0,"parent":0,"menu_order":0,"comment_status":"open","ping_status":"closed","template":"full-width.php","meta":{"footnotes":""},"class_list":["post-3705","page","type-page","status-publish","hentry"],"_links":{"self":[{"href":"https:\/\/www.grueneliga-thueringen.de\/fr\/wp-json\/wp\/v2\/pages\/3705","targetHints":{"allow":["GET"]}}],"collection":[{"href":"https:\/\/www.grueneliga-thueringen.de\/fr\/wp-json\/wp\/v2\/pages"}],"about":[{"href":"https:\/\/www.grueneliga-thueringen.de\/fr\/wp-json\/wp\/v2\/types\/page"}],"author":[{"embeddable":true,"href":"https:\/\/www.grueneliga-thueringen.de\/fr\/wp-json\/wp\/v2\/users\/1"}],"replies":[{"embeddable":true,"href":"https:\/\/www.grueneliga-thueringen.de\/fr\/wp-json\/wp\/v2\/comments?post=3705"}],"version-history":[{"count":0,"href":"https:\/\/www.grueneliga-thueringen.de\/fr\/wp-json\/wp\/v2\/pages\/3705\/revisions"}],"wp:attachment":[{"href":"https:\/\/www.grueneliga-thueringen.de\/fr\/wp-json\/wp\/v2\/media?parent=3705"}],"curies":[{"name":"wp","href":"https:\/\/api.w.org\/{rel}","templated":true}]}}

[tagline_box link= »http://themeforest.net/user/ThemeFusion » button= »Purchase Now » title= »We have 4 different post/page sliders to choose from! » description= »And it has some awesome features, premium sliders, unlimited colors, advanced theme options and so much more! »][/tagline_box]
<div class="demo-sep sep-none" style="margin-top:80px;"></div>
<div class="two_third"><div id="wooslider-id-1" class="wooslider wooslider-id-1 wooslider-type-posts wooslider-theme-default"><ul class="slides">
<li class="slide">
<div class="layout-text-bottom overlay-natural"><a href="https://www.grueneliga-thueringen.de/fr/fuenf-vor-zwoelf-naturschutz-unter-druck-verbaende-uebergeben-offenen-brief-an-umweltminister-kummer/"></a><div class="slide-excerpt"><h2 class="slide-title"><a href="https://www.grueneliga-thueringen.de/fr/fuenf-vor-zwoelf-naturschutz-unter-druck-verbaende-uebergeben-offenen-brief-an-umweltminister-kummer/">Fünf vor zwölf – Naturschutz unter Druck: Verbände übergeben Offenen Brief an Umweltminister Kummer</a></h2></div></div></li>
<li class="slide">
<div class="layout-text-bottom overlay-natural"><a href="https://www.grueneliga-thueringen.de/fr/wir-trauern-um-michael-welz/"></a><div class="slide-excerpt"><h2 class="slide-title"><a href="https://www.grueneliga-thueringen.de/fr/wir-trauern-um-michael-welz/">Wir trauern um Michael Welz</a></h2></div></div></li>
<li class="slide">
<div class="layout-text-bottom overlay-natural"><a href="https://www.grueneliga-thueringen.de/fr/erfolg-fur-die-verkehrswende-und-die-grune-liga-thuringen-werrabahntrasse-bleibt-gewidmete-eisenbahnstrecke-landkreis-gesteht-strassenschwarzbau-ein/"></a><div class="slide-excerpt"><h2 class="slide-title"><a href="https://www.grueneliga-thueringen.de/fr/erfolg-fur-die-verkehrswende-und-die-grune-liga-thuringen-werrabahntrasse-bleibt-gewidmete-eisenbahnstrecke-landkreis-gesteht-strassenschwarzbau-ein/">Erfolg  für die Verkehrswende und die GRÜNE LIGA Thüringen: Werrabahntrasse  bleibt gewidmete Eisenbahnstrecke &#8211; Landkreis gesteht Straßenschwarzbau  ein</a></h2></div></div></li>
</ul></div>
</div>
<div class="one_third last">
<div class="title"><h2>Post Slider With Titles</h2><div class="title-sep-container"><div class="title-sep"></div></div></div>
Lorem ipsum dolor sit amet, consectetur adipiscing elit. Nunc ac nisl eget metus imperdiet venenatis non at nisi. Nam vitae risus neque, sed egestas sem. Suspendisse tristique, purus et ullamcorper tempor, purus enim scelerisque nisl, eget mollis turpis tellus ac augue. Proin aliquet lorem at magna eleifend molestie. Donec eu malesuada odio. Pellentesque euismod nulla eget lorem fringilla pharetra. In odio leo, interdum nec laoreet sed, tempus sit amet tortor. Etiam non sem eleifend sapien auctor aliquet sit amet in est. Suspendisse sagittis congue tempor.</p>
<style type='text/css'>
	.post-content ul.list-icon li:before{color:light !important;}
	.rtl .post-content ul.list-icon li:after{color:light !important;}
	</style>
<ul class="list-icon circle-yes list-icon-check">
<li>Unlimited use per page</li>
<li>Auto pulls recent blog posts &amp; titles</li>
<li>Many parameters to control content &amp; slide</li>
</ul>

</div><div class="clearboth"></div>
<div class="demo-sep sep-shadow" style="margin-top:100px;margin-bottom:100px"></div>
<div class="one_third">
<div class="title"><h2>Post Slider Excerpt &amp; Titles</h2><div class="title-sep-container"><div class="title-sep"></div></div></div>
Lorem ipsum dolor sit amet, consectetur adipiscing elit. Nunc ac nisl eget metus imperdiet venenatis non at nisi. Nam vitae risus neque, sed egestas sem. Suspendisse tristique, purus et ullamcorper tempor, purus enim scelerisque nisl, eget mollis turpis tellus ac augue. Proin aliquet lorem at magna eleifend molestie. Donec eu malesuada odio. Pellentesque euismod nulla eget lorem fringilla pharetra. In odio leo, interdum nec laoreet sed, tempus sit amet tortor. Etiam non sem eleifend sapien auctor aliquet sit amet in est. Suspendisse sagittis congue tempor.</p>
<style type='text/css'>
	.post-content ul.list-icon li:before{color:light !important;}
	.rtl .post-content ul.list-icon li:after{color:light !important;}
	</style>
<ul class="list-icon circle-yes list-icon-check">
<li>Unlimited use per page</li>
<li>Auto pulls recent blog posts, titles, excerpt</li>
<li>Many parameters to control content &amp; slide</li>
</ul>

</div><div class="two_third last"><div id="wooslider-id-2" class="wooslider wooslider-id-2 wooslider-type-posts wooslider-theme-default"><ul class="slides">
<li class="slide">
<div class="layout-text-left overlay-full"><a href="https://www.grueneliga-thueringen.de/fr/fuenf-vor-zwoelf-naturschutz-unter-druck-verbaende-uebergeben-offenen-brief-an-umweltminister-kummer/"></a><div class="slide-excerpt"><h2 class="slide-title"><a href="https://www.grueneliga-thueringen.de/fr/fuenf-vor-zwoelf-naturschutz-unter-druck-verbaende-uebergeben-offenen-brief-an-umweltminister-kummer/">Fünf vor zwölf – Naturschutz unter Druck: Verbände übergeben Offenen Brief an Umweltminister Kummer</a></h2><div class="excerpt-container">
<p>„(K)ein Stich ins Grüne Herz, Minister Kummer“ – </p>
<p>Protestaktion gegen geplante Mittelkürzungen im Naturschutz</p>
<p>Gemeinsame Pressemitteilung des BUND Thüringen, des [...]</p></div>
</div></div></li>
<li class="slide">
<div class="layout-text-left overlay-full"><a href="https://www.grueneliga-thueringen.de/fr/wir-trauern-um-michael-welz/"></a><div class="slide-excerpt"><h2 class="slide-title"><a href="https://www.grueneliga-thueringen.de/fr/wir-trauern-um-michael-welz/">Wir trauern um Michael Welz</a></h2><div class="excerpt-container">
<p>Nachruf: Mit großer Betroffenheit nehmen wir Abschied von Micha Welz, der am 5. April 2025 völlig unerwartet verstorben ist.</p>
<p>Micha [...]</p></div>
</div></div></li>
<li class="slide">
<div class="layout-text-left overlay-full"><a href="https://www.grueneliga-thueringen.de/fr/erfolg-fur-die-verkehrswende-und-die-grune-liga-thuringen-werrabahntrasse-bleibt-gewidmete-eisenbahnstrecke-landkreis-gesteht-strassenschwarzbau-ein/"></a><div class="slide-excerpt"><h2 class="slide-title"><a href="https://www.grueneliga-thueringen.de/fr/erfolg-fur-die-verkehrswende-und-die-grune-liga-thuringen-werrabahntrasse-bleibt-gewidmete-eisenbahnstrecke-landkreis-gesteht-strassenschwarzbau-ein/">Erfolg  für die Verkehrswende und die GRÜNE LIGA Thüringen: Werrabahntrasse  bleibt gewidmete Eisenbahnstrecke &#8211; Landkreis gesteht Straßenschwarzbau  ein</a></h2><div class="excerpt-container">
<p>Im Rechtsstreit um die Überbauung der Werrabahntrasse im Landkreis Hildburghausen durch die Kreisstraße K 530 hat der Landkreis Hildburghausen [...]</p></div>
</div></div></li>
</ul></div>
</div><div class="clearboth"></div>
<div class="demo-sep sep-shadow" style="margin-top:100px;margin-bottom:100px"></div>
<div class="two_third"></div>
<div class="one_third last">
<div class="title"><h2>Post Slider With Attachments</h2><div class="title-sep-container"><div class="title-sep"></div></div></div>
Lorem ipsum dolor sit amet, consectetur adipiscing elit. Nunc ac nisl eget metus imperdiet venenatis non at nisi. Nam vitae risus neque, sed egestas sem. Suspendisse tristique, purus et ullamcorper tempor, purus enim scelerisque nisl, eget mollis turpis tellus ac augue. Proin aliquet lorem at magna eleifend molestie. Donec eu malesuada odio. Pellentesque euismod nulla eget lorem fringilla pharetra. In odio leo, interdum nec laoreet sed, tempus sit amet tortor. Etiam non sem eleifend sapien auctor aliquet sit amet in est. Suspendisse sagittis congue tempor.</p>
<style type='text/css'>
	.post-content ul.list-icon li:before{color:light !important;}
	.rtl .post-content ul.list-icon li:after{color:light !important;}
	</style>
<ul class="list-icon circle-yes list-icon-check">
<li>Unlimited use per page</li>
<li>Auto pulls recent blog posts, titles, excerpt</li>
<li>Many parameters to control content &amp; slide</li>
</ul>

</div><div class="clearboth"></div>
<div class="demo-sep sep-shadow" style="margin-top:100px;margin-bottom:100px"></div>
<div class="one_third">
<div class="title"><h2>Slider With Images or Videos</h2><div class="title-sep-container"><div class="title-sep"></div></div></div>
Lorem ipsum dolor sit amet, consectetur adipiscing elit. Nunc ac nisl eget metus imperdiet venenatis non at nisi. Nam vitae risus neque, sed egestas sem. Suspendisse tristique, purus et ullamcorper tempor, purus enim scelerisque nisl, eget mollis turpis tellus ac augue. Proin aliquet lorem at magna eleifend molestie. Donec eu malesuada odio. Pellentesque euismod nulla eget lorem fringilla pharetra.</p>
<style type='text/css'>
	.post-content ul.list-icon li:before{color:light !important;}
	.rtl .post-content ul.list-icon li:after{color:light !important;}
	</style>
<ul class="list-icon circle-yes list-icon-check">
<li>Unlimited use per page</li>
<li>Auto pulls recent blog posts, titles, excerpt</li>
<li>Many parameters to control content &amp; slide</li>
</ul>

</div><div class="two_third last"><div class="flexslider clearfix" style="max-width:100%;height:100%;"><ul class="slides"><li class="image"><img decoding="async" src="http://www.grueneliga-thueringen.dewp-content/uploads/2013/02/image_4.jpg" alt="" /></li><li class="image"><img decoding="async" src="http://www.grueneliga-thueringen.dewp-content/uploads/2013/02/image_4.jpg" alt="" /></li><li class="image"><img decoding="async" src="http://www.grueneliga-thueringen.dewp-content/uploads/2013/02/image_4.jpg" alt="" /></li></ul></div></div><div class="clearboth"></div>
